e prime factors of u?
2, 3
Let j = 62 - 16. What are the prime factors of j?
2, 23
Let n(y) = -y**3 + 7*y**2 + 11*y - 4. List the prime factors of n(8).
2, 5
Let d(a) = -a**2 + 5*a + 2. Let n be 1*-2*(-6 - -2). Let t be 36/n - (-2)/4. What are the prime factors of d(t)?
2
Let m = -6 + 8. Suppose -m*b + 9 = -3. What are the prime factors of b?
2, 3
Let t(v) = -15*v + 1. Let i(d) = -d + 3. Let n be i(4). What are the prime factors of t(n)?
2
Let a(l) = l**2 + 5*l - 4. Let t be a(-6). Suppose -m + 4*u = -3*m + 14, t*u = 2*m - 8. Suppose 21 = i + m*y, -6*i + 2*y + 24 = -i. List the prime factors of i.
2, 3
Let z(q) = q + 7. Let y be z(-7). List the prime factors of (1 - y)/((-6)/(-12)).
2
Suppose 7*k = 21*k - 518. What are the prime factors of k?
37
Suppose -10 = -3*r - 2*f + 6, 0 = -r + f - 3. Suppose -r*m = -m - 110. Suppose -6*o = -o - m. What are the prime factors of o?
2, 11
Suppose 0*a + 74 = a. Let g be a/(-8) + (-2)/(-8). Let v = g + 27. What are the prime factors of v?
2, 3
Suppose -3*d + 2*d = 0. Let b(y) be the third derivative of -y**5/60 - y**4/24 + y**3/2 + y**2. What are the prime factors of b(d)?
3
Let i(r) = -1 + r - 3 + 3 + 4*r**2 + 0*r. List the prime factors of i(-2).
13
Let t = -17 + 29. Let q be t + -1*(3 + 0). Let f(z) = z + 11. List the prime factors of f(q).
2, 5
Let g(c) be the second derivative of 3*c**4/4 - c**3/6 + c**2 - c. What are the prime factors of g(2)?
2, 3
Let t = 35 + -25. What are the prime factors of t?
2, 5
Let o(i) = i**3 + 5*i**2 - 7*i + 5. Suppose -60 = -3*f - f. Suppose 0 = -2*p - f + 3. What are the prime factors of o(p)?
11
Let d(v) = -9*v + 1. What are the prime factors of d(-2)?
19
Suppose 0 = -2*k - 32 - 32. Let m = k + 55. What are the prime factors of m?
23
Let r be -3 + (6/(-3) - -1). Let v(c) = c**3 + 5*c**2 - 5*c - 6. What are the prime factors of v(r)?
2, 3, 5
Suppose -3 = 4*x - 35. Let f = -11 + x. List the prime factors of f + (-1 - -7) + 8.
11
Let y = 77 - -30. List the prime factors of y.
107
Let q be (100/(-6))/((-4)/(-12)). Let c = q + 90. What are the prime factors of c?
2, 5
Let v(r) = -16*r - 22. What are the prime factors of v(-6)?
2, 37
Let s(u) = 15*u**3 + 2*u**2 - u. Let v be s(1). Suppose 0 = a + 5 - v. Suppose -4*p + a = -13. List the prime factors of p.
2, 3
Suppose 2*t = -t + 51. Suppose 5*z - t - 33 = 0. List the prime factors of z.
2, 5
Let u(b) = b**3 + 4*b**2 + 2. Let s be u(-4). Suppose -h - s*h = -9. List the prime factors of h.
3
Suppose 0 = -a + 19. Suppose 5*k - a - 1 = 0. Suppose -5*v = -26 - k. What are the prime factors of v?
2, 3
Let j(q) = 190*q**3 - q**2 - 2*q + 1. List the prime factors of j(1).
2, 47
Suppose 67*f - 940 = 63*f. What are the prime factors of f?
5, 47
Let a be -2*((-11)/2)/(-1). Let d be 2/(-3) - 52/(-6). What are the prime factors of 2/d - a/4?
3
Let n(d) = -d. Let a(i) = 2*i + 11. Let h(f) = -a(f) - 4*n(f). What are the prime factors of h(10)?
3
Suppose y - 25 = 6*y. Let i(s) = -s - 2. What are the prime factors of i(y)?
3
Let i be (-1 - 1)/(5/10). Let b(f) = 3*f**2 + 5*f + 2. Let x be b(i). Let r = x - 18. What are the prime factors of r?
2, 3
Let h be (2/3)/((-2)/6). Let n = h + -1. List the prime factors of (n - 0)/((-2)/4).
2, 3
Let x = -2 + 0. Let s = x - -7. List the prime factors of s.
5
Let d(y) = -5*y. Let l(p) = -p**2 + 3*p - 1. Let i be l(3). Let k be d(i). Suppose k*r + 45 = 8*r. List the prime factors of r.
3, 5
Suppose -3*o = -58 + 142. Let h be -5 + 6 + (0 - o). Suppose 4*u + 45 = -5*d + 118, -5*u - h = -3*d. What are the prime factors of d?
13
Suppose -q - 7 = -27. Suppose 0 = -4*o - 0*f + f + 20, -4*o + q = -2*f. What are the prime factors of o?
5
Suppose 0 = -5*x + 6*x - 99. List the prime factors of x.
3, 11
Let v be (-4)/(-6)*(5 - -22). Let x = v + -4. What are the prime factors of x?
2, 7
Suppose -1 + 3 = r. Let d = r + -1. List the prime factors of 3 - ((d - 1) + -1).
2
Suppose 0*l = 4*l - 8. What are the prime factors of l?
2
Let i be ((-6)/(-3) + -1)*(0 - 0). Suppose 4*k = -0*k + 12. Suppose -5*z = 2*h - 67, k*h = -3*z - i*z + 42. What are the prime factors of z?
13
Let o(f) = -9*f - 3. Let r = -4 + 1. Let t be o(r). Suppose 2*k - 3*w - t - 8 = 0, 5*k = 3*w + 62. What are the prime factors of k?
2, 5
Let s(u) = -u**3 - u**2 - u + 29. Suppose 0 = 4*y - j - 3, 3*y + y + 6 = -2*j. What are the prime factors of s(y)?
29
Suppose -9 = -a + h - 0*h, a - 17 = 3*h. Suppose 3*b = 2*x + 29, -3*b + a*x - 51 = -5*b. List the prime factors of b.
13
Let r = 9 + -6. Suppose r*a = 3*y - 36, -2*a = -6*a + 12. What are the prime factors of y?
3, 5
Let u(v) = 7*v**2 + v + 0*v - v. List the prime factors of u(1).
7
Let s(y) = y + 16. What are the prime factors of s(0)?
2
Let x(w) = 13*w**2 + w. Let l be x(1). What are the prime factors of (l/4)/7*62?
31
Let f = 48 + 31. What are the prime factors of f?
79
Suppose l - 4 = -z + 22, -5*l = -5*z - 120. Let o = 0 + l. What are the prime factors of o?
5
Suppose 0 = 3*c - 2*k - 88, 5*c - 4*c + k = 26. Suppose -c = -2*o + 2*l, -3*o = 3*l - 5*l - 40. What are the prime factors of (-4)/(-6) - (-88)/o?
2
List the prime factors of (-3)/((-15)/(-5))*-48.
2, 3
Let m(f) be the second derivative of f**4/6 - 2*f**3/3 - f**2/2 + 2*f. Let d be m(3). Suppose -8 = y - d*y. List the prime factors of y.
2
Suppose -4*g = -2*w + 16, -3*g - 7 = 4*w + 5. Suppose w*l = l - 3. Suppose 45 = 4*v + j, 0 = l*v - 2*j - j - 30. What are the prime factors of v?
11
Let l(i) = -4*i - 3. Let f be l(-3). Let n(p) = -p**3 + 9*p**2 + 7. Let g be n(f). Let b = 1 + g. What are the prime factors of b?
2
Let w(b) be the second derivative of 1/6*b**3 - 2*b + 0 + 9/2*b**2. List the prime factors of w(-6).
3
Let o = -16 + 47. Suppose -t = 3*c - 58, 3*t - t = c - o. What are the prime factors of c?
3, 7
Let t be ((-6)/(-4))/((-12)/(-432)). Let v = t - 17. What are the prime factors of v?
37
Let k = 74 + -39. Suppose -z - 3*q + 24 = 3, 3*z - 5*q - k = 0. What are the prime factors of z?
3, 5
Suppose 0 = -5*g - 2*v + 7, 0*v - 25 = -3*g + 4*v. Suppose -25 = -8*n + g*n. Suppose 0 = -4*x - 4*s - s + 55, 0 = n*x - 3*s - 41. List the prime factors of x.
2, 5
What are the prime factors of -2*(-4)/(16/54)?
3
Let n = 146 - 39. List the prime factors of n.
107
Suppose 116 + 91 = w. List the prime factors of w.
3, 23
Let s = 16 + -6. Let c(i) = 10 - 12*i - s. List the prime factors of c(-1).
2, 3
Let w = -66 + 107. List the prime factors of w.
41
Let z be (-62)/(-22) + (-10)/(-55). Suppose 5 = z*c - 4. List the prime factors of c.
3
Let b(n) = -n - 4 + 1 - 2 + 3*n. List the prime factors of b(6).
7
Suppose 3*k - 6 = -4*m, 0 = 4*k - 5*m + 4*m - 8. Suppose 5*u - 11 = 2*b, -k*b = -0*u - u + 7. Let r(g) = g**2 - 4. What are the prime factors of r(b)?
5
Let h(k) = -k**2 + 4*k. Let r be h(4). Suppose r = -5*v - 2*j - 3*j + 145, 5*j + 5 = v. List the prime factors of v.
5
Let m(z) = 5*z**2 + 2*z + 1. Let a be m(-1). Suppose 0 = -3*s - b + 37, 9 = s - a*b - 12. What are the prime factors of s?
13
Let v = -6 + 8. Suppose 0 = -4*u + v*d + 78, 0*u + 2*u + 4*d = 64. What are the prime factors of u?
2, 11
Let k(p) be the second derivative of p**5/20 - p**4/3 + p**2 + 7*p. List the prime factors of k(5).
3
Let i = 415 - 169. List the prime factors of i.
2, 3, 41
Suppose 70 = 5*w + 2*j, -19 = 4*w + 5*j - 75. What are the prime factors of w?
2, 7
Let u(p) = -p - 4. Let h = 0 + 3. Let w be u(h). What are the prime factors of (12/w)/((-3)/21)?
2, 3
Let m(p) = 3*p**2 + 6*p + 1. Let d be m(-4). Let q = d - 35. What are the prime factors of (6 + -1)*(-16)/q?
2
Let j = 173 - 76. What are the prime factors of j?
97
Let a = -93 + 66. List the prime factors of (-2)/(-9) - 642/a.
2, 3
Let w(o) = 2*o**2 + 2*o - 2. Let k be w(-2). Suppose k*d + 0*d - 4 = 0. What are the prime factors of (-18)/(-15)*15/d?
3
Let i(x) = 2*x**3 + 4*x**2 - 2*x - 2. List the prime factors of i(2).
2, 13
Let k be 3*(39/9 + -3). Let f = -2 + k. Suppose 3*g + 0*g + f*b = 19, 0 = 4*g + 2*b - 22. List the prime factors of g.
3
Let k(h) = -1 - 3*h + 3*h - h**2. Let x be k(-1). List the prime factors of 1*(1 + x) - -12.
11
Let d(o) = 8*o + 3. Suppose -4*j - j = -15. What are the prime factors of d(j)?
3
Let j be (-1)/(-4) + (-66)/(-24). Suppose -2*p = -4*z - 88, -3*z + 67 = -p + j*p. List the prime fac